v**3 - 7*v**2 + 7*v - 70. Let p be k(-10). Suppose -4*c + 560 = -4*m, 4*m - 239 = -3*c + p. What is the hundreds digit of c?
1
Suppose -289*p = -320*p + 1286252. What is the ten thousands digit of p?
4
Suppose -3*q + 9 + 0 = 0. Let w be 0*1/3 - (-2 - q). Suppose 0 = -5*j - 2*f + 130 - 36, w*j = -4*f + 88. What is the units digit of j?
0
Suppose -26*u + 37800 = 8*u - 13*u. What is the hundreds digit of u?
8
Let q = -2616 + 4303. Suppose -90*v + q = -83*v. What is the hundreds digit of v?
2
Let p(q) = -5452*q - 27. Let u be p(-1). What is the tens digit of (28/(-10))/((-70)/u)?
1
Suppose -2*u + 3*r + 4 = -19, -3*r - 15 = 0. Suppose -u*n + 6*n = -200. Let h = 167 + n. What is the tens digit of h?
6
Let j(z) = 17195*z**2 - 58*z + 58. What is the tens digit of j(1)?
9
Suppose t - 4*b = 41729, -77*t = -79*t + b + 83458. What is the thousands digit of t?
1
Suppose 0 = 6*o - 4304 - 167566. What is the ten thousands digit of o?
2
Let j be 504/51 + 2/17. Let b be (-4)/j*(-2950)/20. Suppose 4*p + 15 = b. What is the tens digit of p?
1
Let u be 24/(-20) - 724/(-20). What is the hundreds digit of 30160/u - 5/(-70)*4?
8
Suppose 3*o - 136*r + 134*r = 73658, -49061 = -2*o - 5*r. What is the ten thousands digit of o?
2
Let x(i) = 1326*i**2 - 9*i + 9. Suppose 29 - 47 = -3*t + 5*n, 3*t - n = 6. What is the thousands digit of x(t)?
1
Suppose j - 14681 + 1208 = 3*w, -2 = w. What is the thousands digit of j?
3
Let o(s) = -147*s + 45. Let c(w) = -42*w + 13. Let n(r) = -18*c(r) + 5*o(r). What is the hundreds digit of n(17)?
3
Suppose -3*j - 2*v + 245476 = 0, 69*j + 3*v + 409171 = 74*j. What is the units digit of j?
0
Let d be 165/110*(-18016)/(-6). Suppose -579*b = -571*b - d. What is the hundreds digit of b?
5
Let m(r) = 2*r**3 + 105*r**2 - 97*r + 152. What is the hundreds digit of m(-48)?
5
Suppose 1908 = -d - 2564. What is the hundreds digit of 7/(-21) + d/(-6)?
7
Let g(p) = -110*p**3 - 10*p**2 - 50*p - 237. What is the ten thousands digit of g(-5)?
1
Let u be 19/(-95) - (-1)/5. Suppose 2*v - 520 = 5*x, -2*v + 544 = x - u*x. What is the units digit of v?
0
Let k(t) = t**3 + 10*t**2 + 8*t - 4. Let q be k(-9). Let h(n) = -n**2 - 45*n - 366. Let u be h(-34). Suppose -q*p - 147 = -u*p. What is the tens digit of p?
4
Suppose -44 = -2*x - 4*i, 5*x + 7*i = 2*i + 115. Let o(k) = -5 + 33 - 15 - 6 + 2*k + x*k**2. What is the units digit of o(-2)?
9
Suppose 0 = -4*c - 13*c + 165597. What is the hundreds digit of c?
7
Let h be 1415/25 + (-6)/10. Suppose -100*b - 294 = -94*b. Let r = b + h. What is the units digit of r?
7
Suppose 4*g = 2*h - 150, -3*h - 3*g - 153 = -5*h. Suppose 6*a - 345 + h = 0. What is the tens digit of a?
4
Let m(h) = 5*h + 6. Let y be m(-5). Let j = y - -11. What is the units digit of j*((-345)/36 + 1/3)?
4
Let m be (2 - (-4 - -4))*26. What is the hundreds digit of -55*3*m/(-12)?
7
Suppose -y - 28621 = 22*h - 24*h, -5*y - 28649 = -2*h. What is the thousands digit of h?
4
Suppose -5*g = -t - 21, -3*t = 2*g + g - 27. Suppose 5*q - z - 165 = 897, q = 3*z + 204. Suppose q = g*o + 73. What is the units digit of o?
8
Let b(r) be the third derivative of -r**4/8 - 11*r**3/6 - 28*r**2. Let c be b(-5). What is the units digit of (-271*1)/(-1) - 8/c?
9
Suppose -5 = -r, 0*w - r - 21 = -2*w. Suppose 0 = -3*b + w*b - 50. Suppose 501 = b*y - 559. What is the hundreds digit of y?
2
Let w = 100 + -97. Suppose -2*s = 2, 0 = 3*z - 2*z - w*s - 521. What is the units digit of z?
8
Let w = -47 + 131. Suppose -y - w = 24. Let g = -54 - y. What is the tens digit of g?
5
Suppose -2*d - 370 = -5*v, -3*d = 2*v + 2*d - 119. Let n(h) = -h**2 - 7*h - 35. Let f be n(-9). Let p = v + f. What is the units digit of p?
9
Suppose 3*v + 98 = 10*v. Suppose 0 = v*b - 5802 - 848. What is the tens digit of b?
7
Let w = 187 - 184. Suppose 0 = -4*d + 2*s + w*s + 812, 0 = -s. What is the tens digit of d?
0
Let f(x) = -2*x**2 - 14*x + 10. Suppose z + 2*u = 8 - 18, 2*z = -3*u - 20. Let h be f(z). Let k = h + 61. What is the units digit of k?
1
Let s(f) = f**3 + 5*f**2 - 6*f + 7. Let q be s(-6). Suppose i - 7 = -10*l + 5*l, -q = -2*l + i. What is the tens digit of (258/(-24))/(l/(-8))?
4
Suppose 400 = -3*o - l, 23*o + 412 = 20*o - 4*l. Let r = 735 + o. What is the units digit of r?
3
Let k(d) = -171*d + 201. What is the hundreds digit of k(-20)?
6
Let n = 88 + -84. What is the tens digit of -5*n/(-20) + 370?
7
Suppose 103740 = 3*a + 16*a. Suppose 0 = 36*y - 42*y + a. What is the hundreds digit of y?
9
Let o = -184 + 214. Suppose -28*r = -o*r + 1012. What is the hundreds digit of r?
5
Let u(w) = 266*w**2 - 16*w + 16. Let i be u(1). Let r = i + -96. What is the tens digit of r?
7
Let x(f) = 648*f - 720. What is the units digit of x(43)?
4
Let f(k) = -332*k + 5618. What is the hundreds digit of f(-42)?
5
Suppose -30*b + 28*b + 2*d + 21124 = 0, -d = 4*b - 42283. What is the tens digit of b?
6
Let v(s) = 5*s**2 + 145*s + 438. What is the thousands digit of v(-69)?
4
Suppose 0*b + b - 3*p = 11, -27 = -5*b + p. What is the hundreds digit of 9/3*(4575/9)/b?
3
Let f(k) = -15*k**3 - 159*k**2 + 4*k + 21. What is the hundreds digit of f(-13)?
0
Let p = -23 - -26. Suppose -4*h = n - 214, p*n - 2*h + 0*h - 698 = 0. Suppose -4*b = 2*u - n, 0 = -4*u - 6 - 14. What is the tens digit of b?
6
Let u = -7 + 4. Let c be ((-1614)/18 + 5)/(2/u). Let d = c + -76. What is the units digit of d?
1
Suppose 5*u - 545 = -2*g, -4*g - 57 - 488 = -5*u. Let m = 263 + u. What is the tens digit of m?
7
Let q(a) = -a**2 + a + 107. Let y(i) = -1. Let p be -1 + 3 + (-4 - -3 - 0). Let z(c) = p*q(c) + y(c). What is the tens digit of z(0)?
0
Suppose -33*t + 11275 + 24563 = 0. Let s = -575 + t. What is the tens digit of s?
1
Let p(k) be the second derivative of 7*k**3/6 + 99*k**2/2 + 3*k - 11. What is the tens digit of p(19)?
3
What is the units digit of ((-10)/(-75))/((-1)/(-9235))*54/12?
1
Suppose -4*b - 2*k + 13 = -3*b, -5*b + 20 = k. Suppose -3*x - 2*x - 25 = 0, 0 = b*a - x - 2006. What is the units digit of a?
7
Suppose 74*a + 715358 = 3293740. What is the ten thousands digit of a?
3
Let x(z) = -93*z**3 + z**2 + 57*z + 166. What is the units digit of x(-3)?
5
Let j be (-1251)/((-8)/12*(-27)/(-24)). Let f = j + -812. Suppose 4*c - 4*v - f = -9*v, 214 = c + 2*v. What is the tens digit of c?
1
Let b(d) = 5*d + 43. Let t be (5 - 4)/(2/22). Let x be b(t). Suppose o - 238 = -x. What is the units digit of o?
0
Let s(o) = o**2 - 3*o - 3. Let v be s(0). What is the tens digit of 49 - (1*(v + 3))/1?
4
Suppose 9*m - 188 - 136 = 0. Suppose 0*l + m = 3*l. What is the units digit of l/(-5) + 2 - (-14)/10?
1
Let t(z) = -3*z**3 - 16*z**2 - 58*z + 53. What is the units digit of t(-19)?
6
Let r(t) = 3*t - 2 + 7*t + 9. Let x = -1253 - -1257. What is the units digit of r(x)?
7
What is the thousands digit of -1*(-240)/(-32)*-2158?
6
Let j = -5383 + 5965. What is the hundreds digit of j?
5
Let p be 57*464/(-24) + -5. Let w = p + 1865. What is the units digit of w?
8
Suppose 0 = -i + 4*x - 12, -3*i - 1 = x - 4. Suppose 3*j + a - 86 - 21 = i, -5*a = -25. What is the units digit of j?
4
Suppose -14*p = -49*p + 42980. Let k = -490 + p. What is the units digit of k?
8
Let f = -1858 - -4238. What is the thousands digit of f?
2
Suppose 691 = s + 686. Suppose 2*r - 3*o = -4*o + 206, s*o = -10. What is the units digit of r?
4
Let p(t) = 27*t**2 - 2 + 5*t - 7*t**2 + 1. Let u be p(2). Let v = -65 + u. What is the units digit of v?
4
Let p(j) be the first derivative of -j**3/3 - 16*j**2 + 18*j - 62. What is the tens digit of p(-17)?
7
Let o(i) = 6*i + 254. Let g be o(-41). What is the hundreds digit of 19/((-946)/(-118) - g)?
1
Suppose 4*m + 29 = 37. Let q be (-5 + m)/((-4)/100*-5). What is the tens digit of q/(-10)*856/6?
1
Let q be (-8 - 2) + -2 - -2. Let x(y) = -3*y - 5. Let f be x(-1). What is the units digit of f/q*(-265)/(-2)*2?
3
Suppose 15*a = 66 - 21. Suppose k + 3*b - 690 = 0, 4*b + 1672 = a*k - 463. What is the units digit of k?
5
Let t be (3/5)/(-3) - 124/(-20). Suppose t*b + 204 = 2*b. Let c = -45 - b. What is the units digit of c?
6
Let r be 992 - (5 - 3 - 0). Suppose -r - 3775 = -5*b. What is the hundreds digit of b?
9
Suppose -b + 0 = -4*n - 3, -3*n - 31 = 5*b. Let o(j) = 69*j**2 + 14*j + 23. What is the hundreds digit of o(n)?
2
Let y(c) = 4*c**3 + 24